e the greatest common factor of 3184 and 2189.
199
What is the highest common factor of 14 and 1113?
7
Calculate the highest common divisor of 429 and 156.
39
What is the greatest common factor of 195 and 26?
13
Calculate the greatest common factor of 160 and 48.
16
Calculate the greatest common factor of 78 and 104.
26
Calculate the highest common factor of 25 and 675.
25
Calculate the highest common divisor of 4344 and 48.
24
What is the greatest common divisor of 6156 and 76?
76
What is the highest common factor of 2056 and 8?
8
What is the highest common factor of 4 and 128?
4
What is the highest common factor of 975 and 1248?
39
What is the greatest common factor of 12 and 2748?
12
Calculate the greatest common divisor of 12 and 924.
12
What is the greatest common divisor of 14420 and 420?
140
Calculate the highest common divisor of 27 and 351.
27
What is the highest common factor of 895 and 25?
5
Calculate the highest common divisor of 117 and 78.
39
What is the highest common factor of 350 and 50?
50
What is the greatest common divisor of 270 and 2106?
54
What is the highest common divisor of 90 and 2790?
90
What is the greatest common factor of 10 and 380?
10
Calculate the greatest common factor of 2768 and 16.
16
What is the highest common divisor of 3 and 268?
1
What is the greatest common factor of 10393 and 57?
19
Calculate the greatest common divisor of 1280 and 2160.
80
What is the highest common divisor of 231 and 315?
21
What is the highest common divisor of 316 and 553?
79
What is the highest common factor of 41 and 1?
1
Calculate the highest common factor of 272 and 1072.
16
What is the greatest common factor of 1927 and 82?
41
What is the highest common divisor of 12 and 3?
3
What is the greatest common factor of 43 and 86?
43
Calculate the greatest common divisor of 418 and 76.
38
What is the greatest common factor of 145 and 5597?
29
Calculate the highest common factor of 8 and 56.
8
What is the greatest common divisor of 1395 and 62?
31
Calculate the greatest common factor of 8325 and 63.
9
Calculate the highest common factor of 330 and 1100.
110
What is the highest common divisor of 249 and 83?
83
What is the greatest common divisor of 201 and 1340?
67
Calculate the highest common divisor of 75 and 625.
25
Calculate the greatest common divisor of 187 and 55.
11
Calculate the highest common divisor of 21 and 30.
3
Calculate the greatest common factor of 120 and 216.
24
What is the highest common divisor of 203 and 392?
7
What is the greatest common divisor of 388 and 42874?
194
What is the greatest common divisor of 206 and 58607?
103
What is the highest common factor of 446 and 16?
2
Calculate the highest common divisor of 82 and 1271.
41
Calculate the highest common factor of 12 and 24.
12
Calculate the greatest common divisor of 42 and 1764.
42
What is the highest common factor of 105 and 10185?
105
What is the greatest common divisor of 36 and 144?
36
Calculate the greatest common divisor of 25788 and 21.
21
Calculate the highest common factor of 21084 and 24.
12
What is the highest common factor of 2520 and 270?
90
Calculate the highest common factor of 34 and 19941.
17
What is the highest common divisor of 123 and 33?
3
Calculate the greatest common divisor of 209 and 2552.
11
What is the highest common factor of 1391 and 52?
13
What is the highest common factor of 204 and 476?
68
What is the greatest common divisor of 23 and 161?
23
Calculate the highest common factor of 363 and 44.
11
What is the greatest common factor of 236 and 4130?
118
Calculate the highest common factor of 56 and 56.
56
What is the highest common factor of 360 and 225?
45
What is the greatest common divisor of 290 and 10?
10
What is the highest common divisor of 39 and 403?
13
Calculate the highest common factor of 7301 and 49.
49
Calculate the highest common divisor of 22 and 8503.
11
Calculate the highest common divisor of 8740 and 322.
46
What is the greatest common factor of 147 and 21?
21
Calculate the greatest common factor of 10 and 160.
10
Calculate the highest common factor of 3245 and 55.
55
What is the highest common divisor of 48 and 448?
16
What is the greatest common factor of 115 and 1725?
115
What is the highest common factor of 441 and 392?
49
What is the highest common divisor of 20 and 2160?
20
Calculate the highest common factor of 37 and 407.
37
Calculate the greatest common factor of 11 and 4961.
11
What is the greatest common divisor of 34 and 2958?
34
Calculate the greatest common divisor of 267 and 6319.
89
Calculate the greatest common divisor of 18 and 2358.
18
What is the highest common divisor of 1477 and 7?
7
Calculate the highest common factor of 1 and 3305.
1
Calculate the greatest common factor of 189 and 14.
7
What is the greatest common factor of 5946 and 3?
3
What is the highest common divisor of 2152 and 8?
8
What is the highest common divisor of 90 and 10?
10
What is the highest common divisor of 261 and 45?
9
What is the highest common divisor of 53 and 54272?
53
Calculate the highest common divisor of 9121 and 7.
7
What is the greatest common factor of 43 and 2365?
43
Calculate the highest common divisor of 60 and 40.
20
Calculate the greatest common divisor of 10 and 640.
10
What is the greatest common factor of 266 and 2016?
14
Calculate the highest common divisor of 73 and 7081.
73
Calculate the greatest common divisor of 5 and 11.
1
What is the greatest common factor of 48 and 416?
16
Calculate the highest common factor of 181 and 21901.
181
What is the greatest common divisor of 378 and 270?
54
Calculate the greatest common factor of 3589 and 37.
37
Calculate the greatest common factor of 14 and 2182.
2
Calculate the greatest common divisor of 4 and 2972.
4
Calculate the greatest common factor of 13 and 4862.
13
Calculate the highest common divisor of 195 and 1521.
39
Calculate the highest common divisor of 15 and 465.
15
Calculate the greatest common factor of 18 and 558.
18
What is the greatest common factor of 481 and 13?
13
What is the highest common divisor of 3078 and 38?
38
Calculate the highest common factor of 105 and 3855.
15
Calculate the greatest common factor of 1836 and 68.
68
Calculate the greatest common factor of 125 and 4000.
125
What is the highest common divisor of 5 and 40?
5
What is the highest common divisor of 96 and 36?
12
What is the greatest common divisor of 928 and 58?
58
What is the highest common factor of 648 and 72?
72
What is the greatest common divisor of 540 and 1512?
108
Calculate the highest common factor of 25 and 100.
25
What is the greatest common factor of 9844 and 1177?
107
What is the greatest common divisor of 21 and 1043?
7
What is the highest common divisor of 408 and 1122?
102
What is the highest common divisor of 5 and 545?
5
What is the highest common factor of 11 and 1?
1
What is the greatest common divisor of 1896 and 24?
24
Calculate the greatest common factor of 6 and 17166.
6
Calculate the greatest common factor of 20 and 524.
4
What is the greatest common factor of 1001 and 693?
77
What is the highest common factor of 35 and 2905?
35
Calculate the highest common factor of 2072 and 392.
56
What is the greatest common divisor of 25 and 37?
1
Calculate the greatest common divisor of 900 and 5.
5
What is the greatest common factor of 228 and 3173?
19
What is the highest common factor of 1443 and 39?
39
What is the highest common divisor of 268 and 3149?
67
What is the highest common factor of 65 and 169?
13
Calculate the greatest common divisor of 2 and 32.
2
Calculate the greatest common factor of 387 and 9.
9
What is the greatest common divisor of 1872 and 80?
16
Calculate the greatest common factor of 81 and 171.
9
What is the greatest common factor of 116 and 1885?
29
What is the highest common divisor of 231 and 84?
21
Calculate the highest common factor of 548 and 10686.
274
What is the greatest common divisor of 82 and 1189?
41
What is the highest common divisor of 559 and 78?
13
Calculate the greatest common factor of 513 and 432.
27
Calculate the highest common factor of 575 and 23.
23
What is the highest common divisor of 7505 and 95?
95
What is the greatest common divisor of 92 and 161?
23
What is the greatest common divisor of 122